
9
What is the greatest common divisor of 1716330 and 110?
110
What is the greatest common factor of 164125 and 26?
13
What is the greatest common divisor of 30314 and 8326?
46
Calculate the highest common factor of 2255168 and 48.
16
What is the greatest common factor of 97 and 62371?
97
What is the greatest common factor of 16 and 7799488?
16
What is the highest common divisor of 18240 and 5890?
190
What is the highest common divisor of 130688 and 256?
128
Calculate the greatest common divisor of 264 and 140646.
66
Calculate the highest common factor of 7962 and 12.
6
What is the greatest common factor of 102773 and 1?
1
What is the highest common factor of 160 and 17675?
5
What is the highest common divisor of 1152 and 636288?
384
Calculate the highest common divisor of 10422 and 1.
1
What is the greatest common factor of 65 and 10439?
13
Calculate the greatest common factor of 2008 and 2228.
4
Calculate the greatest common divisor of 124 and 25234.
62
What is the greatest common divisor of 95 and 30985?
5
Calculate the greatest common divisor of 21203 and 2681.
7
Calculate the highest common factor of 6327638 and 34.
34
Calculate the highest common factor of 62 and 60481.
31
What is the highest common factor of 4018 and 16318?
82
Calculate the greatest common factor of 81 and 102870.
81
Calculate the greatest common divisor of 21480 and 240.
120
What is the highest common factor of 91916 and 22?
22
What is the greatest common divisor of 906173 and 71?
71
What is the greatest common divisor of 1495 and 17365?
115
What is the highest common factor of 192 and 193776?
48
Calculate the greatest common factor of 323 and 4092733.
323
Calculate the greatest common factor of 120 and 22728.
24
What is the highest common factor of 9009 and 72?
9
Calculate the highest common divisor of 21204 and 10944.
684
Calculate the greatest common divisor of 11466 and 156.
78
What is the greatest common factor of 126 and 288612?
18
Calculate the highest common factor of 1687 and 287.
7
What is the greatest common divisor of 4030 and 1924?
26
Calculate the greatest common factor of 175 and 133175.
175
What is the greatest common factor of 217 and 442561?
7
Calculate the greatest common factor of 2448 and 1258.
34
What is the greatest common factor of 147 and 1218903?
21
Calculate the greatest common factor of 580 and 6860.
20
What is the greatest common divisor of 412 and 420652?
412
What is the greatest common divisor of 236423 and 11?
11
Calculate the highest common divisor of 108073 and 7.
7
What is the greatest common divisor of 231 and 149457?
231
Calculate the highest common divisor of 4704 and 276.
12
Calculate the greatest common divisor of 42110 and 100.
10
Calculate the highest common divisor of 508581 and 180.
9
Calculate the greatest common divisor of 243 and 103140.
27
Calculate the highest common factor of 2 and 4593.
1
What is the greatest common divisor of 4181 and 259?
37
What is the highest common divisor of 86645 and 65?
65
What is the greatest common factor of 1434972 and 66?
66
What is the highest common factor of 368487 and 9?
9
Calculate the greatest common divisor of 28884 and 12876.
348
Calculate the highest common divisor of 17 and 1314304.
17
Calculate the greatest common divisor of 168 and 19752.
24
Calculate the highest common divisor of 2180 and 10682.
218
What is the highest common divisor of 248 and 60109?
31
What is the highest common factor of 34 and 3826309?
17
Calculate the highest common factor of 368 and 20194.
46
What is the highest common factor of 22 and 18118045?
11
What is the greatest common factor of 305073 and 81?
27
Calculate the highest common divisor of 2900 and 34510.
290
What is the highest common divisor of 318654 and 77?
7
What is the greatest common divisor of 75851 and 505?
101
What is the highest common divisor of 2016 and 25312?
224
What is the greatest common factor of 53513 and 944?
59
Calculate the greatest common divisor of 2395800 and 45.
45
What is the greatest common divisor of 100 and 7510?
10
Calculate the greatest common divisor of 51 and 9843.
51
Calculate the greatest common factor of 74 and 1082.
2
Calculate the highest common factor of 8 and 1303056.
8
Calculate the greatest common divisor of 261318 and 9312.
582
What is the highest common factor of 1848 and 93016?
616
What is the highest common factor of 1320 and 73590?
330
Calculate the greatest common factor of 148 and 2110924.
148
What is the highest common divisor of 78080 and 80?
80
Calculate the greatest common divisor of 1023 and 3894.
33
Calculate the highest common factor of 9 and 3574080.
9
Calculate the greatest common divisor of 19965 and 4191.
33
Calculate the highest common factor of 1393754 and 46.
46
Calculate the greatest common divisor of 44807 and 13321.
1211
Calculate the highest common divisor of 51 and 144092.
17
Calculate the highest common factor of 4135 and 7443.
827
Calculate the highest common factor of 5031215 and 3010.
1505
What is the highest common factor of 257972 and 1716?
572
What is the highest common factor of 1045 and 4367?
11
Calculate the greatest common factor of 2176587 and 189.
63
What is the highest common divisor of 103236 and 56?
28
Calculate the greatest common divisor of 33246 and 2304.
18
Calculate the highest common divisor of 504 and 18459.
63
Calculate the greatest common factor of 1792141 and 403.
403
Calculate the highest common divisor of 340 and 1668805.
85
What is the highest common factor of 3211 and 90155?
247
Calculate the highest common factor of 3627 and 819.
117
What is the highest common divisor of 21692 and 6409?
493
Calculate the greatest common factor of 99 and 912591.
9
What is the greatest common factor of 26 and 1719562?
26
Calculate the greatest common factor of 640 and 3940.
20
Calculate the highest common divisor of 31828 and 803.
73
Calculate the greatest common factor of 22437 and 351.
27
What is the greatest common factor of 95 and 11799?
19
Calculate the highest common factor of 231985 and 1660.
415
Calculate the greatest common divisor of 250 and 56200.
50
Calculate the highest common factor of 11266 and 86.
86
What is the greatest common factor of 155186 and 434?
62
What is the greatest common divisor of 16 and 195208?
8
What is the highest common divisor of 90 and 774370?
10
What is the highest common factor of 130072 and 18176?
568
Calculate the greatest common divisor of 798 and 116907.
399
What is the highest common factor of 1408 and 415232?
128
Calculate the highest common divisor of 348640 and 160.
160
What is the greatest common divisor of 3090335 and 1670?
835
What is the highest common factor of 118729 and 793?
13
What is the highest common factor of 432 and 1556388?
108
Calculate the highest common factor of 71881 and 4.
1
What is the greatest common factor of 9 and 8500887?
9
Calculate the greatest common factor of 187703 and 92.
23
Calculate the greatest common divisor of 20672 and 1938.
646
Calculate the highest common factor of 858 and 4961.
11
Calculate the highest common divisor of 238966 and 52.
26
Calculate the greatest common factor of 9389 and 41041.
41
Calculate the greatest common divisor of 574336 and 3584.
896
What is the highest common divisor of 24 and 1997136?
24
What is the highest common divisor of 930623 and 3273?
1091
What is the greatest common divisor of 1837 and 8350?
167
Calculate the greatest common divisor of 1490341 and 19.
19
Calculate the highest common factor of 120 and 6680.
40
Calculate the greatest common divisor of 221924 and 8284.
436
Calculate the greatest common divisor of 171 and 161804.
19
Calculate the greatest common factor of 676 and 2183649.
169
What is the highest common divisor of 1080 and 10380?
60
Calculate the highest common factor of 63223 and 51.
17
What is the highest common divisor of 5346352 and 1628?
1628
Calculate the highest common factor of 35464 and 264.
88
What is the greatest common divisor of 31840 and 33760?
160
Calculate the highest common divisor of 627314 and 498.
166
Calculate the highest common divisor of 2128 and 361.
19
What is the highest common factor of 52 and 618787?
13
What is the greatest common divisor of 45078 and 12?
6
Calculate the greatest common divisor of 140 and 300895